What is the greatest common divisor of 22310 and 4439?
23
What is the greatest common factor of 2130 and 8094?
426
What is the highest common divisor of 55 and 404096?
11
What is the highest common divisor of 496 and 2448?
16
What is the greatest common factor of 15367 and 508?
127
Calculate the greatest common factor of 70543 and 242.
121
Calculate the greatest common factor of 104 and 56316.
52
What is the highest common divisor of 1885168 and 16?
16
Calculate the highest common divisor of 36 and 6404.
4
What is the greatest common factor of 12474 and 8470?
154
Calculate the highest common factor of 4291238 and 28.
14
Calculate the highest common divisor of 1036 and 10508.
148
What is the greatest common factor of 288504 and 48?
24
What is the greatest common divisor of 451 and 35992?
11
Calculate the highest common factor of 758 and 4936475.
379
Calculate the highest common factor of 1125 and 800.
25
What is the highest common divisor of 190 and 23731?
19
Calculate the highest common factor of 30 and 276870.
30
Calculate the highest common factor of 1104 and 29693.
23
Calculate the greatest common divisor of 754 and 9542.
26
What is the greatest common divisor of 2 and 16026?
2
What is the highest common factor of 44 and 244?
4
What is the highest common divisor of 1275 and 600?
75
What is the highest common factor of 9476 and 368?
92
Calculate the highest common factor of 7626 and 15826.
82
Calculate the highest common factor of 5027 and 737.
11
What is the highest common factor of 14487 and 44?
11
What is the highest common divisor of 258100 and 623?
89
What is the highest common divisor of 348 and 43242?
6
What is the greatest common factor of 72588 and 2484?
276
Calculate the greatest common divisor of 69908 and 28.
4
Calculate the greatest common factor of 1170 and 72280.
130
What is the greatest common factor of 210 and 118710?
30
Calculate the highest common divisor of 184 and 7552.
8
Calculate the greatest common divisor of 508 and 243332.
508
What is the highest common divisor of 984 and 1101?
3
What is the highest common divisor of 124 and 7308?
4
What is the greatest common factor of 5753 and 209?
11
What is the greatest common divisor of 123 and 439028?
41
What is the greatest common factor of 126197 and 97?
97
What is the highest common divisor of 388336 and 13?
13
Calculate the highest common factor of 786560 and 160.
160
What is the greatest common factor of 1345 and 1315?
5
Calculate the highest common factor of 805547 and 212.
53
Calculate the highest common factor of 36610 and 1540.
70
Calculate the highest common factor of 100098 and 2211.
201
Calculate the highest common divisor of 810 and 405690.
30
Calculate the highest common divisor of 15 and 9288075.
15
What is the greatest common factor of 404083 and 1565?
313
What is the greatest common factor of 165717 and 9?
9
What is the greatest common factor of 481 and 608569?
13
Calculate the highest common divisor of 19339 and 233.
233
What is the greatest common factor of 2986 and 2?
2
Calculate the greatest common divisor of 5289 and 71832.
123
What is the greatest common divisor of 1023 and 868527?
1023
Calculate the highest common divisor of 29955 and 55.
5
What is the greatest common divisor of 610 and 605?
5
Calculate the highest common factor of 36 and 147700.
4
Calculate the greatest common divisor of 93520 and 112.
112
What is the greatest common divisor of 1658676 and 12?
12
Calculate the greatest common divisor of 280820 and 1520.
380
Calculate the greatest common divisor of 367648 and 12.
4
Calculate the highest common divisor of 2655 and 568760.
295
Calculate the greatest common divisor of 2894853 and 13.
13
What is the greatest common divisor of 771 and 6425?
257
Calculate the greatest common divisor of 1215 and 6975.
45
What is the greatest common divisor of 70770 and 1260?
210
What is the greatest common factor of 12328 and 938?
134
Calculate the highest common factor of 54138 and 84.
42
Calculate the highest common factor of 806 and 5616.
26
What is the highest common factor of 48756 and 78540?
204
Calculate the highest common factor of 1608623 and 83.
83
What is the highest common divisor of 7859 and 58?
29
What is the highest common divisor of 120525 and 150?
75
What is the highest common divisor of 27075 and 8175?
75
Calculate the greatest common factor of 2208 and 187197.
69
Calculate the greatest common factor of 5888 and 1441088.
1472
Calculate the highest common divisor of 104983 and 1895.
379
Calculate the greatest common divisor of 54379 and 268424.
1157
Calculate the greatest common divisor of 96708 and 12.
12
Calculate the highest common factor of 331919 and 7.
7
What is the greatest common factor of 3774 and 1717?
17
Calculate the highest common factor of 728 and 63904.
8
What is the highest common divisor of 24 and 93516?
12
What is the greatest common divisor of 1421560 and 120?
40
What is the highest common factor of 10400 and 99520?
160
What is the greatest common factor of 60 and 53860?
20
Calculate the highest common divisor of 208828 and 16.
4
What is the greatest common divisor of 360 and 1705?
5
What is the highest common factor of 2698 and 116795?
71
Calculate the highest common divisor of 255 and 1209.
3
Calculate the highest common divisor of 56484 and 56592.
108
What is the highest common factor of 3116 and 2204?
76
Calculate the greatest common divisor of 16645 and 580.
5
Calculate the highest common factor of 78380 and 40.
20
What is the highest common divisor of 29592 and 288?
72
What is the highest common divisor of 262 and 393?
131
Calculate the greatest common divisor of 95700 and 780.
60
What is the greatest common divisor of 12 and 28164?
12
What is the greatest common factor of 2208 and 110377?
23
Calculate the greatest common factor of 69693 and 78.
39
Calculate the highest common divisor of 88394 and 1158.
386
Calculate the greatest common factor of 5124 and 989908.
244
Calculate the highest common factor of 110 and 46442.
22
Calculate the greatest common factor of 119298 and 4071.
177
What is the greatest common factor of 718903 and 1413?
157
What is the greatest common factor of 8064 and 149856?
672
Calculate the highest common factor of 1480 and 4775.
5
Calculate the highest common factor of 113 and 562514.
113
Calculate the greatest common factor of 3 and 867.
3
What is the greatest common factor of 11960 and 328?
8
What is the highest common divisor of 4568148 and 86?
86
What is the greatest common factor of 56995 and 10?
5
Calculate the highest common divisor of 4179 and 997786.
199
Calculate the highest common factor of 9223 and 575.
23
What is the highest common factor of 24520 and 66817?
613
What is the highest common factor of 1056 and 1780416?
1056
Calculate the highest common divisor of 38836 and 1168.
292
What is the highest common divisor of 18080 and 20?
20
Calculate the highest common factor of 11700 and 135.
45
Calculate the greatest common divisor of 2726312 and 8.
8
What is the greatest common divisor of 39567 and 363?
363
What is the highest common divisor of 495 and 583?
11
Calculate the highest common divisor of 142 and 4458658.
142
What is the highest common factor of 4905546 and 1227?
1227
Calculate the highest common factor of 168 and 53403.
21
What is the highest common divisor of 1913585 and 190?
95
What is the highest common factor of 251 and 183481?
251
What is the highest common factor of 264081 and 3116?
779
What is the highest common divisor of 162 and 1049193?
81
Calculate the greatest common divisor of 22432 and 14.
2
What is the highest common divisor of 1060 and 4876?
212
Calculate the greatest common divisor of 22499 and 745.
149
What is the highest common factor of 297 and 565389?
99
What is the highest common divisor of 726 and 26202?
66
Calculate the highest common divisor of 143 and 213499.
143
What is the highest common factor of 31125 and 875?
125
What is the highest common divisor of 16028 and 8?
4
Calculate the highest common divisor of 1719 and 34571.
191
Calculate the highest common divisor of 1374 and 194192.
458
What is the greatest common divisor of 858 and 1975974?
858
What is the highest common divisor of 20 and 407970?
10
What is the highest common divisor of 21702